*y**2 - 11*y - 5. Calculate the remainder when 250 is divided by n(-3).
26
Let o(u) = 346*u - 335. What is the remainder when o(4) is divided by 7?
6
Suppose -62*i + 59*i + 69 = 0. Calculate the remainder when 39 is divided by i.
16
Let l = -6 + 40. Let w(k) = k**2 + 11*k + 2. Let y be w(-11). Suppose y*h + 12 = l. Calculate the remainder when h is divided by 6.
5
Let g = -179 + 1153. What is the remainder when g is divided by 15?
14
Let o(g) = 2*g**2 - 5*g + 3. Let b be o(2). Let k be b - 1 - (1 - -17). Let m = 37 + k. What is the remainder when 36 is divided by m?
17
Let g(s) = -s + 74. Let k = -3894 - -3932. Calculate the remainder when g(0) is divided by k.
36
Suppose 4*b + c + c - 514 = 0, 5*b = 4*c + 610. Calculate the remainder when b is divided by 21.
0
Let i(q) = -q**2 + 12*q + 3. Calculate the remainder when 43 is divided by i(12).
1
Suppose q + 3*c - 14 = 0, 70 = 28*q - 23*q + 2*c. Calculate the remainder when 3345 is divided by q.
13
Let k(m) = 2*m**3 - 6*m**2 - 8*m + 7. Calculate the remainder when k(5) is divided by (-56)/(-24) - (-124)/6.
21
Let d be 1/(-2) + (-2079)/6. Let f be d/(-4) + 24/(-32). Suppose 3*c = -m + f, -5*c - 2*m + 34 = -111. Calculate the remainder when 107 is divided by c.
26
Suppose 3*s = -10*s + 91. Suppose -d + 104 = s. What is the remainder when d is divided by (-2)/((-4)/46) - -2?
22
Suppose -2*u = -2*o - 54, o + 89 - 4 = 3*u. What is the remainder when u is divided by 18?
11
Let r = -93 + 113. Suppose -4*z = -3*j + r, 3*z = j + 5*z. What is the remainder when 5 is divided by j?
1
Suppose 7*j - 60 = 38. Suppose -j = -w + 3*o, -w - 3 = -4*o - 19. What is the remainder when w is divided by 3?
2
Let p = -276 - -334. What is the remainder when 164 is divided by p?
48
Suppose -2*a = 3*k - 12, a + 2*k - 4 = 3. Suppose t = 5*b + 30, t + a*b = -4*t + 10. Calculate the remainder when 18 is divided by t.
3
Suppose -6*q = -24*q + 4842. Calculate the remainder when q is divided by 9.
8
Let u = -422 - -441. Calculate the remainder when 144 is divided by u.
11
Let c = -354 + 205. Let i = c + 164. Calculate the remainder when i is divided by 8.
7
What is the remainder when 34 is divided by (6/(-7))/((-8)/168)?
16
Suppose -88*m + 14*m = -888. Suppose -b + 24 - 115 = -2*x, -3*x = -2*b - 137. What is the remainder when x is divided by m?
9
Suppose -10*p + 454 - 14 = 0. Calculate the remainder when 172 is divided by p.
40
Calculate the remainder when (-1968)/72*(-17 - 1) is divided by 15.
12
Suppose -5*z + 43*z - 228 = 0. Suppose 0 = 2*y + 3*m - 7, 2*m = y - 3*m - 36. Calculate the remainder when y is divided by z.
5
Suppose -8*a + 11 + 45 = 0. What is the remainder when 17 is divided by a?
3
Suppose -3*o + 6*o + 2*m = 12, o = -2*m. Let t be 2/11 + (-10)/55. Suppose -3*k + 37 - 7 = t. Calculate the remainder when k is divided by o.
4
Let y(r) = 3*r**2 + 3*r. Let b(k) = -7*k**2 - 5*k - 1. Let d(m) = 4*b(m) + 9*y(m). Calculate the remainder when 2/(-7) - 438/(-14) is divided by d(3).
7
Let k(n) be the first derivative of n**4/4 - 2*n**2 - n - 2. Calculate the remainder when 89 is divided by k(4).
42
Suppose -3*b + 2*c = -528, 8 + 7 = -5*c. What is the remainder when b is divided by 21?
6
Let p = 2 - -3. Suppose p*r = 4 + 21. Suppose -63 = -r*q + 2*t - t, 15 = q - t. Calculate the remainder when 35 is divided by q.
11
Suppose 45 = 3*t - 12. Let h be t*3*8/24. Suppose 135 - h = 4*j. What is the remainder when 85 is divided by j?
27
Let c = 7 - 3. Calculate the remainder when (7/14)/(1/30) is divided by c.
3
Let t(h) = -h - 14. Let u be t(0). Let c be u/7*(-1 + 32). Let w = c - -87. What is the remainder when 48 is divided by w?
23
Let v(y) = -52*y - 1. Suppose 3*i - 3*o - 72 = 0, -88 = -3*i + 5*o - 10*o. What is the remainder when v(-2) is divided by i?
25
Suppose 9*n - 90 = 4*n. Let v(x) = x**2 - 36*x + 163. Calculate the remainder when n is divided by v(5).
2
Suppose -2*t + 12 = 2*t, 0 = -q - 4*t + 15. Let w = q - 9. Let y(x) = x**2 + 5*x - 3. Calculate the remainder when 7 is divided by y(w).
1
Suppose 3*j = 74 + 28. Calculate the remainder when 39 is divided by j.
5
Suppose -1152 = -4*w + 3*r, 4*w + 2*r - 751 = 401. What is the remainder when w is divided by 107?
74
Calculate the remainder when (1420/70)/(1/7) is divided by 48.
46
Suppose -4*w = 5*l - 3*w - 76, -4*l = 3*w - 52. Let p = 1263 + -1218. What is the remainder when p is divided by l?
13
Suppose 87 = 3*u - 2*b - 181, b - 262 = -3*u. What is the remainder when 1055 is divided by u?
87
Let f = -1119 + 1213. Calculate the remainder when f is divided by 23.
2
Let d = 1591 + -1550. What is the remainder when 569 is divided by d?
36
Let q(l) = -15*l - 27. What is the remainder when q(-8) is divided by 33?
27
Suppose 67 + 164 = 3*n. Suppose -2*k + b + 4*b = n, 2*k + 69 = -3*b. Let t = -17 - k. Calculate the remainder when t is divided by 5.
4
Suppose -21*m - 2304 = -57*m. What is the remainder when m is divided by 29?
6
Let u = 378 + -231. Calculate the remainder when u is divided by 2 + 102/3 + 2.
33
Suppose 728*c = 734*c - 1242. What is the remainder when c is divided by 14?
11
Let t = -28 + 33. What is the remainder when 11 is divided by t?
1
Let v(w) = -w**2 + 17*w - 25. What is the remainder when v(14) is divided by 5?
2
Let w(t) = t**3 + 6*t**2 + 7*t - 2. Let f be w(-5). What is the remainder when (-9)/(-1) - 3/(-12)*f is divided by 4?
2
Let q(l) = -l**3 - 5*l**2 + 6*l + 5. Let y be q(-6). Let h = 265 - 262. Suppose y*o - h*o - 12 = 0. Calculate the remainder when o is divided by 2.
0
Let h(a) = -69*a - 2 + 69*a - a**3 + a**2. Let g be h(0). Let c = 14 + g. What is the remainder when 35 is divided by c?
11
Let x = -551 + 667. Calculate the remainder when 228 is divided by x.
112
Let s be 19/5 - 4/5. Let m(r) = -5*r - 9. What is the remainder when m(-6) is divided by s - (-12 + -2 + 6)?
10
Let q = 20 - 18. Suppose -3*u + 8 = u, 0 = 2*n + q*u - 230. Calculate the remainder when n is divided by 19.
18
Suppose 5*t - t = -2*t. Let o = t + 31. Calculate the remainder when 91 is divided by o.
29
Let u(f) = 15*f**3 - 18*f**2 - 5*f - 5. Calculate the remainder when u(4) is divided by 65.
62
Suppose -23 = -d - 4*p, -3*p = -d + 51 - 0. What is the remainder when 63 is divided by d?
24
Let t(p) be the second derivative of 11*p**3/6 - 3*p**2/2 + p. Let k = 5861 - 5853. Calculate the remainder when t(3) is divided by k.
6
Suppose -2*i - 40 = 4*n - 682, -i + 327 = 4*n. Calculate the remainder when i is divided by 53.
50
Let j be 1/(-5) + (-16)/(-5) + 114. Suppose -2*u = u - j. Calculate the remainder when u is divided by 6.
3
Suppose -3*l - 44 = 5*x - 132, -20 = -2*x - 5*l. Let n(h) = h**3 + 1 - 3*h - 13 - h**2 - 5*h - 6*h**2. Calculate the remainder when n(9) is divided by x.
18
Let f = 589 - 299. Suppose -4*i - i + f = 0. What is the remainder when i is divided by 15?
13
Suppose -572*u + 380 = -562*u. What is the remainder when 415 is divided by u?
35
Let k(s) be the second derivative of s**3/6 + s**2/2 + 35*s. Calculate the remainder when 64 is divided by k(13).
8
Suppose 0 = -4*s + b + 21, 11 = 11*s - 9*s - b. Calculate the remainder when 14 is divided by s.
4
Let s(y) = 4*y**2 - y. Let d be s(-1). Suppose 4*f = -4*u - 232, -d = 4*f - 1. Let m = -34 - u. What is the remainder when 44 is divided by m?
21
Suppose -7*a + 24 = -a. Suppose -3*q - u + 2*u + 36 = 0, q = 4*u + 1. Calculate the remainder when ((-90)/a + -3)*-2 is divided by q.
12
Let l = -80 + 123. Let i = 18 - -36. Let q = 76 - i. What is the remainder when l is divided by q?
21
Let x(l) be the first derivative of l**4/4 - 5*l**3/3 + 5*l**2/2 + 2*l + 1. Let t be x(4). Let c = t + -2. What is the remainder when 17 is divided by c?
1
Suppose 2*g + 2*g + 12 = 0, -3*z + 327 = 3*g. Calculate the remainder when z is divided by 48.
16
Let w = 602 + -437. Calculate the remainder when w is divided by 48.
21
Let o = -107 + 22. Let z = -47 - o. Suppose -5*h = -218 + z. Calculate the remainder when 141 is divided by h.
33
Suppose 4*q - 12 = 20. Suppose -2*j - 2*m = -3*j - q, 3*m - 15 = 0. Let i(z) = 9*z - 2. What is the remainder when i(j) is divided by 9?
7
Suppose -32 = 5*g - g. Let b = g - -82. What is the remainder when b is divided by 20?
14
Let g(m) = -m**3 - m**2 - m + 29. Let j be g(0). Suppose -f - 2 = -j. Calculat